it of b?
3
Suppose -4*j + 735 = -z, 4*j - 545 + 2686 = -3*z. Let t = -171 - z. What is the hundreds digit of t?
5
Let d be (-2)/(-4) + 433/2. Suppose 14*s - 31*s - 1105 = 0. Let f = s + d. What is the tens digit of f?
5
Let o(x) = -4*x**2 - 16*x - 3. Let k be o(-2). Let g(p) = -p**3 + 13*p**2 + 11*p + 7. What is the hundreds digit of g(k)?
1
Suppose -2*p = -2*o - 4556, 5*p + 149*o = 146*o + 11422. What is the units digit of p?
2
Let k = -865 - -519. Let c = 246 - k. What is the units digit of c?
2
Suppose 2*t - 4776 = -10*t. Suppose -5*w + 1782 = -t. What is the tens digit of w?
3
Suppose -64*q + 48*q = -3200. Let c = 652 - q. What is the tens digit of c?
5
Let y(w) = 1087*w + 722. What is the tens digit of y(9)?
0
Let q(x) = -33226*x + 730. What is the tens digit of q(-1)?
5
Let z = 20620 + -11350. What is the thousands digit of z?
9
Let y(g) = g**2 + 17*g - 10. Let m be y(15). Suppose -321 - m = -7*s. What is the units digit of s?
3
Suppose 6*u + u - 210 = 0. Let v be (-3314)/(-10) - (-18)/u. Suppose -11*z = v - 1608. What is the hundreds digit of z?
1
Suppose -3637 = 3*y - 23335. What is the hundreds digit of y?
5
Suppose 0 = 7*w + 3923 - 41646. What is the units digit of w?
9
Let a = 882 + -813. Let j be 2 + (-2 - -3) + -63. Let w = j + a. What is the units digit of w?
9
Suppose 0 = -2*a + 2*u + 3*u + 36, a = -5*u + 48. What is the hundreds digit of (864/a)/(18/189)?
3
Suppose 33*y - 317085 = -81113 + 126731. What is the units digit of y?
1
Let y be (-154460)/(-45) + (-28)/63. Suppose 24*d - 21*d = y. What is the thousands digit of d?
1
What is the hundreds digit of (728 - 1)/((-118)/(-472))?
9
Let i(w) = w**2 + 11*w + 22. Let y be i(9). Suppose -y = -5*r - 1222. What is the tens digit of 70/21*(-5)/(50/r)?
6
Suppose -70320 - 19680 = -10*k. What is the thousands digit of k?
9
Let m(z) = -28*z + 312. Let i be m(13). What is the hundreds digit of 13/i + ((-12819)/4)/(-3)?
0
Let u(p) = p**2 - 4*p - 34. Let l be u(-6). Let g = l - 91. What is the tens digit of (2 + 0 + g)*29/(-87)?
2
Suppose -17*p + 23086 = -13*p - t, 4*p - 3*t = 23082. Suppose 15*m - 27*m + p = 0. What is the units digit of m?
1
Let x = 523 + -521. Suppose 93 - 75 = x*a. What is the units digit of a?
9
Let p = 11053 - 5305. What is the units digit of p?
8
Suppose -8*z = -4*z + f - 142, -f = -2. Let g be (-21)/z + 323/5. Let p = g + -63. What is the units digit of p?
1
Suppose -27 = -2*u - 11. Suppose 9*z - 11*z = -u. Suppose -z*v + 40 = -5*t, v - t = -2 + 11. What is the units digit of v?
5
Let w(h) = -h**2 - 17*h - 69. Let l be w(-8). Suppose -l + 641 = 22*b. What is the units digit of b?
9
Suppose -14*w - 1905 = w. Let n = w + 133. Suppose 151 = n*d - 1001. What is the tens digit of d?
9
Let u(n) = 3723*n + 1139. What is the ten thousands digit of u(4)?
1
Suppose -41*m = -16198 - 351695. What is the thousands digit of m?
8
Suppose -s - 1 = -6. Suppose -3*p + 17 = -z + p, 25 = 5*p. What is the tens digit of (1/z*4)/(s/570)?
5
What is the hundreds digit of 10/(-3)*((-315)/14)/(-15) + 11887?
8
Let d = -3987 + 12223. What is the hundreds digit of d?
2
Suppose 0 = -3*d + 37*b - 41*b + 4381, 4*b = 2*d - 2894. Let l = d + -966. What is the hundreds digit of l?
4
Suppose -z + 4*c = -93 - 11, -5*c = -5*z + 445. Suppose -z*l = -81*l - 1731. What is the tens digit of l?
7
Suppose -21*s - 311 = -y - 23*s, -y = 4*s - 321. What is the hundreds digit of -2*(y/(-4) + (-11)/44)?
1
Let i(w) = 448*w**3 + 18 + 52 - 447*w**3 - 3*w + 33 - 22*w**2. What is the units digit of i(22)?
7
Suppose -2 = j, 0 = 24*g - 22*g + 3*j - 7776. What is the units digit of g?
1
Suppose 5*s - 315581 = b, -97*b = 3*s - 100*b - 189339. What is the ten thousands digit of s?
6
Let x be 2*3 + 17 + -529. Let o = x + 944. What is the tens digit of o?
3
Let a(n) = -3*n**2 + 40*n - 43. Let m(q) = 7*q**2 - 79*q + 87. Let u(v) = 5*a(v) + 2*m(v). What is the tens digit of u(14)?
5
Suppose 4*v = -41 - 11. Let t be -518*9/(-81) + 4/9. Let s = t + v. What is the tens digit of s?
4
Let q(d) = 7*d + 25 - 30*d**2 + 69*d**2 - 38*d**2 + 55. What is the units digit of q(-25)?
0
Let y be (10 - 5 - (7 + -1))*-309. Suppose -306 - 339 = -4*h - t, 2*h = -5*t + y. What is the hundreds digit of h?
1
Suppose -4*o - 36792 = -4*g, -5*g - 3*o = -6*o - 45980. What is the units digit of g?
3
Let k be -4*89*1020/(-272). Let p = k + -133. What is the thousands digit of p?
1
Suppose 0 = -5*z + 9*z - 32. Suppose -z*s = -10*s + 4. Suppose -s*t - 2*t = 5*x - 289, -3*t - 134 = -2*x. What is the tens digit of x?
6
Let j(k) = -k**3 + 5*k**2 - 3*k - 4. Let y be j(3). Suppose -y*i + 2085 = 5*h - 0*i, -3*i - 859 = -2*h. What is the tens digit of h?
2
Let m = 52 + -24. Let u(k) = 2*k**2 + k + 5. Let y be u(-4). Suppose y + m = w. What is the units digit of w?
1
Suppose -30*d + 32 = -31*d. Let s be d/(-48)*(1 - -2). Suppose x + 4*h - 69 + 10 = 0, s*h + 164 = 4*x. What is the units digit of x?
3
Let b be (200/(-160))/(((-2)/8)/(-1)). Let g be 72*3/(-15)*b. Suppose -70*x = -g*x + 118. What is the units digit of x?
9
Let h = 133 - 204. Let u = h + 508. What is the hundreds digit of u?
4
Suppose -351*f = -358*f + 53760. What is the thousands digit of f?
7
Let u(o) = 2923*o + 3087. What is the ten thousands digit of u(17)?
5
What is the thousands digit of 12/(-36) + ((-1010)/(-25))/((-30)/(-7025))?
9
Let d(f) = 9*f**3 + 6*f**2 + 2*f - 9. Let h(o) = 11*o**3 + 7*o**2 + 3*o - 9. Let k(z) = 5*d(z) - 4*h(z). What is the hundreds digit of k(7)?
4
Let m be 2 - 0 - (-43 + (-5 - -9)). Suppose 8059 = m*n - 45979. What is the tens digit of n?
1
Let l(q) = 4540*q + 1175. What is the thousands digit of l(5)?
3
Let y(d) = -5841*d + 675. What is the thousands digit of y(-2)?
2
What is the hundreds digit of (105 + 21)/14 - -46078?
0
Suppose -4*g + 5*z + 188 = 0, -z + 5*z = -5*g + 194. What is the hundreds digit of (6168/g)/(4/14)?
5
Let j = 22513 + -11444. What is the hundreds digit of j?
0
Let n be 3/((-81)/(-195)) - (-16)/(-72). Let x(t) = 3*t - 7. Let s be x(8). Suppose s*i = n*i + 860. What is the tens digit of i?
8
Let h(r) = 13*r + 14. Let m = -29 + 35. Suppose -5*b + a + 45 = 0, -3*a + 45 = 5*b - m*a. What is the units digit of h(b)?
1
Let p(r) = -r**3 + 2*r**2 - 3*r + 5. Suppose -112 = -5*l - 2*l. Suppose l*v + 4 = 15*v. What is the tens digit of p(v)?
1
Let u(o) = -o**3 - 9*o**2 - 2*o + 22. Let j be u(-6). What is the units digit of (-119 + j)/((-4)/(-6) + -1)?
9
Suppose -51195 = -22*k + 54163. What is the units digit of k?
9
Let p(k) = 52*k. Suppose -3*q + 5*q - 2 = 0. Let c be -1 - (-1 + 0 - q). What is the tens digit of p(c)?
5
Let s(w) = 193*w**2 + 108*w + 1328. What is the hundreds digit of s(-13)?
5
Suppose -2*m - 3*m = -550. Let v = -207 + m. Let x = v + 168. What is the units digit of x?
1
Suppose 5*i + 139*i = 24*i + 1374120. What is the hundreds digit of i?
4
Let g = 334 - -9. Suppose 3*b - 345 = b - z, -3*z = 2*b - g. What is the units digit of b?
3
Let o(a) = -68*a + 32. Let n be o(-4). Let y = 650 - n. What is the tens digit of y?
4
Suppose 0 = 65*k - 60*k - 150. What is the hundreds digit of (k/9)/(-5) - 3020/(-12)?
2
Let y(p) be the first derivative of -p**3/3 - 8*p**2 + 37*p - 2. Let c be y(-16). Let k = -28 + c. What is the units digit of k?
9
Suppose 2*i = -5*y - 2 + 12, -i + 8 = 4*y. Suppose 0 = y*x + 94 - 1802. What is the units digit of x?
4
Suppose -c = 2*d - 92047, -39*c + 2*d + 276181 = -36*c. What is the units digit of c?
7
Suppose -v + p = -1804, -135*p = -132*p + 6. What is the thousands digit of v?
1
Let d(l) = 7*l**2 - 27*l + 70. Let x be (18/(-5))/((-2)/5). What is the hundreds digit of d(x)?
3
What is the units digit of 9278/(-4)*4*((-209)/38 - 0)?
9
Suppose -15*p + 507 = -54*p. Let b(f) = -f**3 - 10*f**2 + 24*f + 28. What is the tens digit of b(p)?
2
Let q be (-51)/204 + (-311)/4. What is the tens digit of ((-260)/q)/((-1)/(-54))?
8
Let h(v) = 314*v - 1023. What is the thousands digit of h(20)?
5
Let d = -111456 - -167561. What is the ten thousands digit of d?
5
Suppose 8 - 12 = -2*o. Suppose -7*t = -o*t - 160. Suppose 30*u = t*u - 60. What is the tens digit of u?
3
Suppose 28*v - 157392 = 132632. What is the tens digit of v?
5
Let m = -379 - -386. Suppose 33*y - 4186 = m*y. What is the tens digit of y?
6
Let v = -16394 + 30489. What is 